{"id":297,"date":"2020-08-24T04:53:52","date_gmt":"2020-08-24T07:53:52","guid":{"rendered":"https:\/\/betellugarparatodos.com.ar\/?page_id=297"},"modified":"2025-11-12T10:55:05","modified_gmt":"2025-11-12T13:55:05","slug":"inicio","status":"publish","type":"page","link":"https:\/\/betellugarparatodos.com.ar\/","title":{"rendered":"Inicio"},"content":{"rendered":"\n<div class=\"wp-block-uagb-container uagb-block-9698231d alignfull uagb-is-root-container\"><div class=\"uagb-container-inner-blocks-wrap\">\n<header class=\"wp-block-uagb-container uagb-block-7605a69d\">\n<div class=\"wp-block-uagb-advanced-heading uagb-block-0c76121d\"><h1 class=\"uagb-heading-text\"><strong>Bienvenidos<\/strong> <\/h1><\/div>\n\n\n\n<figure class=\"wp-block-image aligncenter size-full is-resized is-style-rounded\"><img fetchpriority=\"high\" decoding=\"async\" width=\"500\" height=\"500\" src=\"https:\/\/betellugarparatodos.com.ar\/wp-content\/uploads\/2024\/06\/llll-1.png\" alt=\"\" class=\"wp-image-1716\" style=\"width:733px;height:auto\" srcset=\"https:\/\/betellugarparatodos.com.ar\/wp-content\/uploads\/2024\/06\/llll-1.png 500w, https:\/\/betellugarparatodos.com.ar\/wp-content\/uploads\/2024\/06\/llll-1-300x300.png 300w, https:\/\/betellugarparatodos.com.ar\/wp-content\/uploads\/2024\/06\/llll-1-150x150.png 150w, https:\/\/betellugarparatodos.com.ar\/wp-content\/uploads\/2024\/06\/llll-1-44x44.png 44w\" sizes=\"(max-width: 500px) 100vw, 500px\" \/><\/figure>\n\n\n\n<div class=\"wp-block-uagb-advanced-heading uagb-block-34909c99\"><h5 class=\"uagb-heading-text\">Un lugar para vos, para tu familia, para tus amigos<br>\u00abUn lugar para todos\u00bb<\/h5><\/div>\n<\/header>\n<\/div><\/div>\n\n\n\n<div class=\"wp-block-uagb-container uagb-block-ad0eba59 alignfull uagb-is-root-container\"><div class=\"uagb-container-inner-blocks-wrap\">\n<div class=\"wp-block-uagb-container uagb-block-be5f6729\">\n<div class=\"wp-block-uagb-advanced-heading uagb-block-f951a394\"><h6 class=\"uagb-heading-text\"><strong>Nosotros<\/strong><\/h6><\/div>\n\n\n\n<div class=\"wp-block-uagb-advanced-heading uagb-block-200ef8c8\"><h2 class=\"uagb-heading-text\">\u00abSomos una comunidad de creyentes profundamente apasionados por Jes\u00fas.\u00bb<\/h2><\/div>\n\n\n\n<div class=\"wp-block-uagb-info-box uagb-block-a4640932 uagb-infobox__content-wrap  uagb-infobox-icon-left uagb-infobox-left uagb-infobox-stacked-tablet uagb-infobox-image-valign-top\"><div class=\"uagb-ifb-icon-wrap\"><svg xmlns=\"https:\/\/www.w3.org\/2000\/svg\" viewBox=\"0 0 640 512\"><path d=\"M344 48H376C389.3 48 400 58.75 400 72C400 85.25 389.3 96 376 96H344V142.4L456.7 210C471.2 218.7 480 234.3 480 251.2V512H384V416C384 380.7 355.3 352 320 352C284.7 352 256 380.7 256 416V512H160V251.2C160 234.3 168.8 218.7 183.3 210L296 142.4V96H264C250.7 96 240 85.25 240 72C240 58.75 250.7 48 264 48H296V24C296 10.75 306.7 0 320 0C333.3 0 344 10.75 344 24V48zM24.87 330.3L128 273.6V512H48C21.49 512 0 490.5 0 464V372.4C0 354.9 9.53 338.8 24.87 330.3V330.3zM592 512H512V273.6L615.1 330.3C630.5 338.8 640 354.9 640 372.4V464C640 490.5 618.5 512 592 512V512z\"><\/path><\/svg><\/div><div class=\"uagb-ifb-content\"><div class=\"uagb-ifb-title-wrap\"><\/div><p class=\"uagb-ifb-desc\">Nuestra Iglesia Evang\u00e9lica es una comunidad cristiana acogedora para todas las edades. Nos reunimos para adorar a Dios, estudiar la Biblia y crecer juntos en fe y amor, centrados en Cristo y aplicando sus ense\u00f1anzas a nuestra vida diaria.\u00bb<\/p><\/div><\/div>\n<\/div>\n<\/div><\/div>\n\n\n\n<div class=\"wp-block-uagb-container uagb-block-28d672c5 alignfull uagb-is-root-container\"><div class=\"uagb-container-inner-blocks-wrap\">\n<div class=\"wp-block-uagb-container uagb-block-58fad21f\">\n<div class=\"wp-block-uagb-image uagb-block-4cb709ad wp-block-uagb-image--layout-overlay wp-block-uagb-image--effect-static wp-block-uagb-image--align-none\"><figure class=\"wp-block-uagb-image__figure\"><img loading=\"lazy\" decoding=\"async\" srcset=\"https:\/\/betellugarparatodos.com.ar\/wp-content\/uploads\/2023\/03\/vision-1024x576.png \" sizes=\"auto, (max-width: 480px) 150px\" src=\"https:\/\/betellugarparatodos.com.ar\/wp-content\/uploads\/2023\/03\/vision-1024x576.png\" alt=\"\" class=\"uag-image-1068\" width=\"1024\" height=\"576\" title=\"\" loading=\"lazy\" role=\"img\"\/><div class=\"wp-block-uagb-image--layout-overlay__color-wrapper\"><\/div><div class=\"wp-block-uagb-image--layout-overlay__inner center-center\"><h2 class=\"uagb-image-heading\">VISI\u00d3N<\/h2><\/div><\/figure><\/div>\n\n\n\n<div class=\"wp-block-uagb-advanced-heading uagb-block-1ad9a8e1\"><h6 class=\"uagb-heading-text\"><strong>Unir Y Transformar Vidas A Trav\u00e9s Del Amor De Dios Para Impactar Comunidades Y El Mundo.<\/strong><br><br><\/h6><div class=\"uagb-separator\"><\/div><\/div>\n<\/div>\n\n\n\n<div class=\"wp-block-uagb-container uagb-block-665b87e1\">\n<div class=\"wp-block-uagb-image uagb-block-d082601f wp-block-uagb-image--layout-overlay wp-block-uagb-image--effect-static wp-block-uagb-image--align-none\"><figure class=\"wp-block-uagb-image__figure\"><img loading=\"lazy\" decoding=\"async\" srcset=\"https:\/\/betellugarparatodos.com.ar\/wp-content\/uploads\/2023\/03\/mision-1024x576.png \" sizes=\"auto, (max-width: 480px) 150px\" src=\"https:\/\/betellugarparatodos.com.ar\/wp-content\/uploads\/2023\/03\/mision-1024x576.png\" alt=\"\" class=\"uag-image-1069\" width=\"1024\" height=\"576\" title=\"\" loading=\"lazy\" role=\"img\"\/><div class=\"wp-block-uagb-image--layout-overlay__color-wrapper\"><\/div><div class=\"wp-block-uagb-image--layout-overlay__inner center-center\"><h2 class=\"uagb-image-heading\">MISI\u00d3N<\/h2><\/div><\/figure><\/div>\n\n\n\n<div class=\"wp-block-uagb-advanced-heading uagb-block-9a80b426\"><h6 class=\"uagb-heading-text\"><strong>Compartir El Mensaje De Jesucristo Y Equipar A Las Personas Para Vivir Vidas Transformadas Y Significativas En Su Servicio.<\/strong><br><\/h6><div class=\"uagb-separator\"><\/div><\/div>\n<\/div>\n\n\n\n<div class=\"wp-block-uagb-container uagb-block-081dc32c\">\n<div class=\"wp-block-uagb-image aligncenter uagb-block-fbcbbbec wp-block-uagb-image--layout-overlay wp-block-uagb-image--effect-static wp-block-uagb-image--align-center\"><figure class=\"wp-block-uagb-image__figure\"><img loading=\"lazy\" decoding=\"async\" srcset=\"https:\/\/betellugarparatodos.com.ar\/wp-content\/uploads\/2023\/03\/proposito-1-1024x576.png \" sizes=\"auto, (max-width: 480px) 150px\" src=\"https:\/\/betellugarparatodos.com.ar\/wp-content\/uploads\/2023\/03\/proposito-1-1024x576.png\" alt=\"\" class=\"uag-image-1070\" width=\"1024\" height=\"576\" title=\"\" loading=\"lazy\" role=\"img\"\/><div class=\"wp-block-uagb-image--layout-overlay__color-wrapper\"><\/div><div class=\"wp-block-uagb-image--layout-overlay__inner center-center\"><h2 class=\"uagb-image-heading\">PROP\u00d3SITO<\/h2><\/div><\/figure><\/div>\n\n\n\n<div class=\"wp-block-uagb-advanced-heading uagb-block-7498f244\"><h6 class=\"uagb-heading-text\"><strong>Ser Una Comunidad Cristiana Que Impacta Positivamente El Mundo, A Trav\u00e9s De La Adoraci\u00f3n, El Discipulado, La Compasi\u00f3n Y La Evangelizaci\u00f3n, En Nombre De Jesucristo.<\/strong><\/h6><div class=\"uagb-separator\"><\/div><\/div>\n<\/div>\n<\/div><\/div>\n\n\n\n<div class=\"wp-block-uagb-container uagb-block-efbd81fc alignfull uagb-is-root-container\"><div class=\"uagb-container-inner-blocks-wrap\">\n<div class=\"wp-block-uagb-container uagb-block-0ba2fd8c\">\n<div class=\"wp-block-uagb-advanced-heading uagb-block-ade1e95f\"><h5 class=\"uagb-heading-text\">NUESTROS VALORES<\/h5><\/div>\n\n\n\t\t\t\t\t<div\n\t\t\t\t\t\tclass=\"wp-block-uagb-image-gallery uagb-block-4d4b7e11     \"\n\t\t\t\t\t\tstyle=\"\"\n\t\t\t\t\t>\n\t\t\t\t\t\t\t\t\t\t\t<div class=\"spectra-image-gallery spectra-image-gallery__layout--carousel\">\n\t\t\t\t\t\t\t\t<div class=\"uagb-slick-carousel uagb-block-4d4b7e11\">\n\t\t\t\t\t\t\t\t\t\t\t\t<div class='spectra-image-gallery__media-wrapper' data-spectra-gallery-image-id='1093'>\n\t\t\t\t\t\t\t<div class=\"spectra-image-gallery__media spectra-image-gallery__media--carousel\">\n\t\t\t\t<picture>\n\t\t\t\t\t<source media=\"(min-width: 1024px)\" srcset=\"http:\/\/betellugarparatodos.com.ar\/wp-content\/uploads\/2023\/03\/nuestros-valores-1-1024x576.png\">\n\t\t\t\t\t<source media=\"(min-width: 768px)\" srcset=\"http:\/\/betellugarparatodos.com.ar\/wp-content\/uploads\/2023\/03\/nuestros-valores-1-1024x576.png\">\n\t\t\t\t\t<img decoding=\"async\" class=\"spectra-image-gallery__media-thumbnail spectra-image-gallery__media-thumbnail--carousel\" src=\"http:\/\/betellugarparatodos.com.ar\/wp-content\/uploads\/2023\/03\/nuestros-valores-1-300x169.png\" alt=\"\" loading=\"lazy\" \/>\n\t\t\t\t<\/picture>\n\t\t\t\t<div class=\"spectra-image-gallery__media-thumbnail-blurrer\"><\/div>\n\t\t\t\t\t\t\t\t\t\t\t<div class=\"spectra-image-gallery__media-thumbnail-caption-wrapper spectra-image-gallery__media-thumbnail-caption-wrapper--overlay\"><\/div>\n\t\t\t\t\t\t\t\t<\/div>\n\t\t\t\t\t\t<\/div>\n\t\t\t\t\t\t<div class='spectra-image-gallery__media-wrapper' data-spectra-gallery-image-id='1094'>\n\t\t\t\t\t\t\t<div class=\"spectra-image-gallery__media spectra-image-gallery__media--carousel\">\n\t\t\t\t<picture>\n\t\t\t\t\t<source media=\"(min-width: 1024px)\" srcset=\"http:\/\/betellugarparatodos.com.ar\/wp-content\/uploads\/2023\/03\/nuestros-valores-5-1024x576.png\">\n\t\t\t\t\t<source media=\"(min-width: 768px)\" srcset=\"http:\/\/betellugarparatodos.com.ar\/wp-content\/uploads\/2023\/03\/nuestros-valores-5-1024x576.png\">\n\t\t\t\t\t<img decoding=\"async\" class=\"spectra-image-gallery__media-thumbnail spectra-image-gallery__media-thumbnail--carousel\" src=\"http:\/\/betellugarparatodos.com.ar\/wp-content\/uploads\/2023\/03\/nuestros-valores-5-300x169.png\" alt=\"\" loading=\"lazy\" \/>\n\t\t\t\t<\/picture>\n\t\t\t\t<div class=\"spectra-image-gallery__media-thumbnail-blurrer\"><\/div>\n\t\t\t\t\t\t\t\t\t\t\t<div class=\"spectra-image-gallery__media-thumbnail-caption-wrapper spectra-image-gallery__media-thumbnail-caption-wrapper--overlay\"><\/div>\n\t\t\t\t\t\t\t\t<\/div>\n\t\t\t\t\t\t<\/div>\n\t\t\t\t\t\t<div class='spectra-image-gallery__media-wrapper' data-spectra-gallery-image-id='1095'>\n\t\t\t\t\t\t\t<div class=\"spectra-image-gallery__media spectra-image-gallery__media--carousel\">\n\t\t\t\t<picture>\n\t\t\t\t\t<source media=\"(min-width: 1024px)\" srcset=\"http:\/\/betellugarparatodos.com.ar\/wp-content\/uploads\/2023\/03\/nuestros-valores-6png-1024x576.png\">\n\t\t\t\t\t<source media=\"(min-width: 768px)\" srcset=\"http:\/\/betellugarparatodos.com.ar\/wp-content\/uploads\/2023\/03\/nuestros-valores-6png-1024x576.png\">\n\t\t\t\t\t<img decoding=\"async\" class=\"spectra-image-gallery__media-thumbnail spectra-image-gallery__media-thumbnail--carousel\" src=\"http:\/\/betellugarparatodos.com.ar\/wp-content\/uploads\/2023\/03\/nuestros-valores-6png-300x169.png\" alt=\"\" loading=\"lazy\" \/>\n\t\t\t\t<\/picture>\n\t\t\t\t<div class=\"spectra-image-gallery__media-thumbnail-blurrer\"><\/div>\n\t\t\t\t\t\t\t\t\t\t\t<div class=\"spectra-image-gallery__media-thumbnail-caption-wrapper spectra-image-gallery__media-thumbnail-caption-wrapper--overlay\"><\/div>\n\t\t\t\t\t\t\t\t<\/div>\n\t\t\t\t\t\t<\/div>\n\t\t\t\t\t\t<div class='spectra-image-gallery__media-wrapper' data-spectra-gallery-image-id='1096'>\n\t\t\t\t\t\t\t<div class=\"spectra-image-gallery__media spectra-image-gallery__media--carousel\">\n\t\t\t\t<picture>\n\t\t\t\t\t<source media=\"(min-width: 1024px)\" srcset=\"http:\/\/betellugarparatodos.com.ar\/wp-content\/uploads\/2023\/03\/nuestros-valores-7-1024x576.png\">\n\t\t\t\t\t<source media=\"(min-width: 768px)\" srcset=\"http:\/\/betellugarparatodos.com.ar\/wp-content\/uploads\/2023\/03\/nuestros-valores-7-1024x576.png\">\n\t\t\t\t\t<img decoding=\"async\" class=\"spectra-image-gallery__media-thumbnail spectra-image-gallery__media-thumbnail--carousel\" src=\"http:\/\/betellugarparatodos.com.ar\/wp-content\/uploads\/2023\/03\/nuestros-valores-7-300x169.png\" alt=\"\" loading=\"lazy\" \/>\n\t\t\t\t<\/picture>\n\t\t\t\t<div class=\"spectra-image-gallery__media-thumbnail-blurrer\"><\/div>\n\t\t\t\t\t\t\t\t\t\t\t<div class=\"spectra-image-gallery__media-thumbnail-caption-wrapper spectra-image-gallery__media-thumbnail-caption-wrapper--overlay\"><\/div>\n\t\t\t\t\t\t\t\t<\/div>\n\t\t\t\t\t\t<\/div>\n\t\t\t\t\t\t<div class='spectra-image-gallery__media-wrapper' data-spectra-gallery-image-id='1097'>\n\t\t\t\t\t\t\t<div class=\"spectra-image-gallery__media spectra-image-gallery__media--carousel\">\n\t\t\t\t<picture>\n\t\t\t\t\t<source media=\"(min-width: 1024px)\" srcset=\"http:\/\/betellugarparatodos.com.ar\/wp-content\/uploads\/2023\/03\/nuestros-valores-imagen-3-1024x576.png\">\n\t\t\t\t\t<source media=\"(min-width: 768px)\" srcset=\"http:\/\/betellugarparatodos.com.ar\/wp-content\/uploads\/2023\/03\/nuestros-valores-imagen-3-1024x576.png\">\n\t\t\t\t\t<img decoding=\"async\" class=\"spectra-image-gallery__media-thumbnail spectra-image-gallery__media-thumbnail--carousel\" src=\"http:\/\/betellugarparatodos.com.ar\/wp-content\/uploads\/2023\/03\/nuestros-valores-imagen-3-300x169.png\" alt=\"\" loading=\"lazy\" \/>\n\t\t\t\t<\/picture>\n\t\t\t\t<div class=\"spectra-image-gallery__media-thumbnail-blurrer\"><\/div>\n\t\t\t\t\t\t\t\t\t\t\t<div class=\"spectra-image-gallery__media-thumbnail-caption-wrapper spectra-image-gallery__media-thumbnail-caption-wrapper--overlay\"><\/div>\n\t\t\t\t\t\t\t\t<\/div>\n\t\t\t\t\t\t<\/div>\n\t\t\t\t\t\t<div class='spectra-image-gallery__media-wrapper' data-spectra-gallery-image-id='1098'>\n\t\t\t\t\t\t\t<div class=\"spectra-image-gallery__media spectra-image-gallery__media--carousel\">\n\t\t\t\t<picture>\n\t\t\t\t\t<source media=\"(min-width: 1024px)\" srcset=\"http:\/\/betellugarparatodos.com.ar\/wp-content\/uploads\/2023\/03\/nuetsros-valores-1024x576.png\">\n\t\t\t\t\t<source media=\"(min-width: 768px)\" srcset=\"http:\/\/betellugarparatodos.com.ar\/wp-content\/uploads\/2023\/03\/nuetsros-valores-1024x576.png\">\n\t\t\t\t\t<img decoding=\"async\" class=\"spectra-image-gallery__media-thumbnail spectra-image-gallery__media-thumbnail--carousel\" src=\"http:\/\/betellugarparatodos.com.ar\/wp-content\/uploads\/2023\/03\/nuetsros-valores-300x169.png\" alt=\"\" loading=\"lazy\" \/>\n\t\t\t\t<\/picture>\n\t\t\t\t<div class=\"spectra-image-gallery__media-thumbnail-blurrer\"><\/div>\n\t\t\t\t\t\t\t\t\t\t\t<div class=\"spectra-image-gallery__media-thumbnail-caption-wrapper spectra-image-gallery__media-thumbnail-caption-wrapper--overlay\"><\/div>\n\t\t\t\t\t\t\t\t<\/div>\n\t\t\t\t\t\t<\/div>\n\t\t\t\t\t\t<div class='spectra-image-gallery__media-wrapper' data-spectra-gallery-image-id='1099'>\n\t\t\t\t\t\t\t<div class=\"spectra-image-gallery__media spectra-image-gallery__media--carousel\">\n\t\t\t\t<picture>\n\t\t\t\t\t<source media=\"(min-width: 1024px)\" srcset=\"http:\/\/betellugarparatodos.com.ar\/wp-content\/uploads\/2023\/03\/valores-imagen-2-1024x576.png\">\n\t\t\t\t\t<source media=\"(min-width: 768px)\" srcset=\"http:\/\/betellugarparatodos.com.ar\/wp-content\/uploads\/2023\/03\/valores-imagen-2-1024x576.png\">\n\t\t\t\t\t<img decoding=\"async\" class=\"spectra-image-gallery__media-thumbnail spectra-image-gallery__media-thumbnail--carousel\" src=\"http:\/\/betellugarparatodos.com.ar\/wp-content\/uploads\/2023\/03\/valores-imagen-2-300x169.png\" alt=\"\" loading=\"lazy\" \/>\n\t\t\t\t<\/picture>\n\t\t\t\t<div class=\"spectra-image-gallery__media-thumbnail-blurrer\"><\/div>\n\t\t\t\t\t\t\t\t\t\t\t<div class=\"spectra-image-gallery__media-thumbnail-caption-wrapper spectra-image-gallery__media-thumbnail-caption-wrapper--overlay\"><\/div>\n\t\t\t\t\t\t\t\t<\/div>\n\t\t\t\t\t\t<\/div>\n\t\t\t\t\t\t\t\t\t\t\t<\/div>\n\t\t\t\t\t\t\t<\/div>\n\t\t\t\t\t\t\t\t\t\t\t<\/div>\n\t\t\t\t\t\t\t\t\t<\/div>\n<\/div><\/div>\n\n\n\n<div class=\"wp-block-uagb-container uagb-block-dd3cb74d alignfull uagb-is-root-container\"><div class=\"uagb-container-inner-blocks-wrap\">\n<div class=\"wp-block-uagb-container uagb-block-df41e295\">\n<h2 class=\"wp-block-heading has-luminous-vivid-amber-color has-text-color has-link-color wp-elements-bb24253393d1dfaee67a9b869e766a74\">Segu\u00ed Nuestra Transmisi\u00f3n En Vivo.<\/h2>\n<\/div>\n<\/div><\/div>\n\n\n\n<div class=\"wp-block-uagb-container uagb-block-da17c776 alignfull uagb-is-root-container\"><div class=\"uagb-container-inner-blocks-wrap\">\n<div class=\"wp-block-uagb-container uagb-block-2a911aaf\">\n<p class=\"has-ast-global-color-4-color has-text-color has-link-color has-medium-font-size wp-elements-03ded187038c7ac84c18cb2cbd56fb5e\">Reg\u00edstrate ahora para recibir todas nuestras novedades directamente en tu correo. Mantente al tanto de nuestras \u00faltimas noticias, eventos y mensajes inspiradores.<\/p>\n\n\n\n<h4 class=\"wp-block-heading has-text-align-center has-ast-global-color-4-color has-text-color has-link-color wp-elements-0e5a80ba6c80a3d1e5906daedc8d0aa2\"><strong>\u00a1\u00danete hoy y s\u00e9 el primero en conocer lo nuevo!<\/strong><\/h4>\n\n\n\n<p class=\"has-ast-global-color-4-color has-text-color has-link-color has-medium-font-size wp-elements-56a333d7dc269047b1dd85c5e68a4c32\">Estamos centrados en Cristo y en aplicar sus ense\u00f1anzas a nuestra vida diaria. Aqu\u00ed encontrar\u00e1s devocionales reflexivos, testimonios inspiradores, estudios b\u00edblicos profundos y mensajes edificantes. Esperamos a Jes\u00fas con expectaci\u00f3n y vivimos en la luz, reflejando nuestra fe en nuestras acciones diarias. \u00danete a nosotros en este viaje de crecimiento espiritual y comunidad. \u00a1Suscr\u00edbete para compartir esta experiencia de fe juntos!<\/p>\n\n\n\n<p class=\"has-text-align-center has-ast-global-color-4-color has-text-color has-link-color has-medium-font-size wp-elements-ab58027416800a5970fbfa4220b1ce7b\"><strong>\u00abCompartimos la Palabra de Dios cada s\u00e1bado a las 20:00 en vivo en nuestro canal de YouTube.\u00bb<\/strong><\/p>\n<\/div>\n\n\n\n<figure class=\"wp-block-embed alignfull is-type-video is-provider-youtube wp-block-embed-youtube wp-embed-aspect-16-9 wp-has-aspect-ratio\"><div class=\"wp-block-embed__wrapper\">\n<iframe title=\"Bienvenidos\" width=\"500\" height=\"281\" src=\"https:\/\/www.youtube.com\/embed\/0dmfaE6Z_w0?feature=oembed\" frameborder=\"0\" allow=\"accelerometer; autoplay; clipboard-write; encrypted-media; gyroscope; picture-in-picture; web-share\" referrerpolicy=\"strict-origin-when-cross-origin\" allowfullscreen><\/iframe>\n<\/div><\/figure>\n<\/div><\/div>\n\n\n\n<div class=\"wp-block-uagb-container uagb-block-503be896 default uagb-is-root-container\">\n<div class=\"wp-block-uagb-container uagb-block-1c7bec7e\">\n<div class=\"inherit-container-width wp-block-group is-layout-constrained wp-block-group-is-layout-constrained\"><\/div>\n<\/div>\n<\/div>\n\n\n\n<div class=\"wp-block-uagb-container uagb-block-90209958 alignfull uagb-is-root-container\"><div class=\"uagb-container-inner-blocks-wrap\">\n<div class=\"wp-block-uagb-container uagb-block-7367e72a\">\n<h3 class=\"wp-block-heading has-text-align-center has-luminous-vivid-orange-color has-text-color\"><strong>Participa en estudios b\u00edblicos y actividades que te ayudar\u00e1n a crecer en tu fe y amor.<\/strong><\/h3>\n\n\n\n<hr class=\"wp-block-separator has-text-color has-ast-global-color-5-color has-alpha-channel-opacity has-ast-global-color-5-background-color has-background is-style-wide\"\/>\n<\/div>\n\n\n\n<div class=\"wp-block-uagb-container uagb-block-82606ce7\">\n<div class=\"wp-block-columns is-layout-flex wp-container-core-columns-is-layout-28f84493 wp-block-columns-is-layout-flex\">\n<div class=\"wp-block-column is-layout-flow wp-block-column-is-layout-flow\">\n<h3 class=\"wp-block-heading has-text-align-center has-ast-global-color-5-color has-text-color\">Reg\u00edstrate Para Recibir en Tu Correo Todas Nuestras Novedades<\/h3>\n<\/div>\n\n\n\n<div class=\"wp-block-column is-layout-flow wp-block-column-is-layout-flow\">                <div class=\"ml-embedded\" data-form=\"w0BAtc\"><\/div>\n            \n<\/div>\n<\/div>\n<\/div>\n<\/div><\/div>\n","protected":false},"excerpt":{"rendered":"<p>Bienvenidos Un lugar para vos, para tu familia, para tus amigos\u00abUn lugar para todos\u00bb Nosotros \u00abSomos una comunidad de creyentes profundamente apasionados por Jes\u00fas.\u00bb Unir Y Transformar Vidas A Trav\u00e9s Del Amor De Dios Para Impactar Comunidades Y El Mundo. Compartir El Mensaje De Jesucristo Y Equipar A Las Personas Para Vivir Vidas Transformadas Y [&hellip;]<\/p>\n","protected":false},"author":1,"featured_media":0,"parent":0,"menu_order":0,"comment_status":"closed","ping_status":"closed","template":"","meta":{"_uag_custom_page_level_css":"","site-sidebar-layout":"default","site-content-layout":"plain-container","ast-site-content-layout":"normal-width-container","site-content-style":"unboxed","site-sidebar-style":"unboxed","ast-global-header-display":"","ast-banner-title-visibility":"","ast-main-header-display":"","ast-hfb-above-header-display":"","ast-hfb-below-header-display":"","ast-hfb-mobile-header-display":"","site-post-title":"disabled","ast-breadcrumbs-content":"","ast-featured-img":"","footer-sml-layout":"","ast-disable-related-posts":"","theme-transparent-header-meta":"enabled","adv-header-id-meta":"","stick-header-meta":"","header-above-stick-meta":"","header-main-stick-meta":"","header-below-stick-meta":"","astra-migrate-meta-layouts":"set","ast-page-background-enabled":"default","ast-page-background-meta":{"desktop":{"background-color":"","background-image":"","background-repeat":"repeat","background-position":"center center","background-size":"auto","background-attachment":"scroll","background-type":"","background-media":"","overlay-type":"","overlay-color":"","overlay-opacity":"","overlay-gradient":""},"tablet":{"background-color":"","background-image":"","background-repeat":"repeat","background-position":"center center","background-size":"auto","background-attachment":"scroll","background-type":"","background-media":"","overlay-type":"","overlay-color":"","overlay-opacity":"","overlay-gradient":""},"mobile":{"background-color":"","background-image":"","background-repeat":"repeat","background-position":"center center","background-size":"auto","background-attachment":"scroll","background-type":"","background-media":"","overlay-type":"","overlay-color":"","overlay-opacity":"","overlay-gradient":""}},"ast-content-background-meta":{"desktop":{"background-color":"var(--ast-global-color-5)","background-image":"","background-repeat":"repeat","background-position":"center center","background-size":"auto","background-attachment":"scroll","background-type":"","background-media":"","overlay-type":"","overlay-color":"","overlay-opacity":"","overlay-gradient":""},"tablet":{"background-color":"var(--ast-global-color-5)","background-image":"","background-repeat":"repeat","background-position":"center center","background-size":"auto","background-attachment":"scroll","background-type":"","background-media":"","overlay-type":"","overlay-color":"","overlay-opacity":"","overlay-gradient":""},"mobile":{"background-color":"var(--ast-global-color-5)","background-image":"","background-repeat":"repeat","background-position":"center center","background-size":"auto","background-attachment":"scroll","background-type":"","background-media":"","overlay-type":"","overlay-color":"","overlay-opacity":"","overlay-gradient":""}},"footnotes":""},"class_list":["post-297","page","type-page","status-publish","hentry"],"uagb_featured_image_src":{"full":false,"thumbnail":false,"medium":false,"medium_large":false,"large":false,"1536x1536":false,"2048x2048":false},"uagb_author_info":{"display_name":"Maximiliano","author_link":"https:\/\/betellugarparatodos.com.ar\/?author=1"},"uagb_comment_info":0,"uagb_excerpt":"Bienvenidos Un lugar para vos, para tu familia, para tus amigos\u00abUn lugar para todos\u00bb Nosotros \u00abSomos una comunidad de creyentes profundamente apasionados por Jes\u00fas.\u00bb Unir Y Transformar Vidas A Trav\u00e9s Del Amor De Dios Para Impactar Comunidades Y El Mundo. Compartir El Mensaje De Jesucristo Y Equipar A Las Personas Para Vivir Vidas Transformadas Y&hellip;","_links":{"self":[{"href":"https:\/\/betellugarparatodos.com.ar\/index.php?rest_route=\/wp\/v2\/pages\/297","targetHints":{"allow":["GET"]}}],"collection":[{"href":"https:\/\/betellugarparatodos.com.ar\/index.php?rest_route=\/wp\/v2\/pages"}],"about":[{"href":"https:\/\/betellugarparatodos.com.ar\/index.php?rest_route=\/wp\/v2\/types\/page"}],"author":[{"embeddable":true,"href":"https:\/\/betellugarparatodos.com.ar\/index.php?rest_route=\/wp\/v2\/users\/1"}],"replies":[{"embeddable":true,"href":"https:\/\/betellugarparatodos.com.ar\/index.php?rest_route=%2Fwp%2Fv2%2Fcomments&post=297"}],"version-history":[{"count":30,"href":"https:\/\/betellugarparatodos.com.ar\/index.php?rest_route=\/wp\/v2\/pages\/297\/revisions"}],"predecessor-version":[{"id":1797,"href":"https:\/\/betellugarparatodos.com.ar\/index.php?rest_route=\/wp\/v2\/pages\/297\/revisions\/1797"}],"wp:attachment":[{"href":"https:\/\/betellugarparatodos.com.ar\/index.php?rest_route=%2Fwp%2Fv2%2Fmedia&parent=297"}],"curies":[{"name":"wp","href":"https:\/\/api.w.org\/{rel}","templated":true}]}}